 + 7. Let a be (64/80)/(4/(-30)). Is g(a) composite?
False
Let f be 2/(-1 - (-3)/6). Let j = 7 + f. Suppose 2*i = -3*y + 29, -2*i + 2 = -3*y + j. Is i a prime number?
True
Suppose 0 = -3*y + 2*j - 1, 2*j = 7*j + 20. Is 7/((-9)/y - 2) prime?
True
Suppose 2*c + 84 + 92 = 4*o, 2*c + 4 = 0. Let k = 76 - o. Is k composite?
True
Suppose k - 1141 = 3*c, -k - 3*k + 5*c = -4564. Is k a prime number?
False
Let x = 1 + 1. Suppose 2*j - 5*j - x*p + 93 = 0, -5*j - 4*p + 153 = 0. Is j prime?
False
Let u(v) = 63*v + 2. Let t be u(3). Suppose m + 33 = t. Suppose i + 3*f - 23 = 20, -4*i - 5*f = -m. Is i prime?
True
Let i(a) be the first derivative of a**2/2 + a - 3. Let l be i(3). Suppose 0 = l*o - 5*o + 149. Is o composite?
False
Suppose -r - 4*j + 4409 = 0, 4788 = 5*r - j - 17236. Is r a prime number?
False
Suppose 12*t = 15*t + 126. Is ((-44)/(-6))/((-4)/t) a prime number?
False
Let k(s) = -18*s**3 + 2*s**2 - 3*s - 3. Suppose -2*i = -i + 2. Is k(i) prime?
False
Let r = 0 + 2. Suppose -3*l + 15 = r*l. Suppose l*y - 126 = 60. Is y a prime number?
False
Let x = 17 + -15. Suppose -334 = -x*n + 240. Is n a prime number?
False
Suppose -2*y - 5*z = 18, -4*y = -2*z + 8 - 20. Suppose 9 + y = 2*s. Suppose -s*t + 60 + 10 = 0. Is t a composite number?
True
Suppose 16 = 4*y + 4. Suppose -y*d + 0*d + 1257 = 0. Is d prime?
True
Suppose -o = -7 - 1. Suppose 3*x = -2*a + o*x + 108, -a + 43 = 3*x. Is a a prime number?
False
Suppose -34 - 430 = -4*o. Is o/6 + 2/(-6) a composite number?
False
Let q(i) = -44*i - 8. Let j be q(6). Let o = -175 - j. Is o composite?
False
Let g(p) = -p**3 - p**2 - p + 79. Is g(0) composite?
False
Let v = -168 + 379. Is v composite?
False
Let i = 3103 + -2136. Is i a prime number?
True
Let a = 983 - 122. Suppose 5*j - 1414 = a. Let h = -292 + j. Is h prime?
True
Let y be 1*4/(-2)*-1. Suppose -q + 8 = b + 2*b, 2*b - y = q. Suppose -b*c = -59 - 3. Is c prime?
True
Suppose 0 = -c + o + 17, 0 = -0*c - c + 5*o + 5. Suppose c = -4*v - 0, 0 = -3*z - 2*v + 2. Is (-2)/(0 + z/(-62)) a prime number?
True
Let m(z) be the second derivative of z**5/20 + 13*z**4/12 + 3*z**3/2 - 7*z**2/2 - z. Suppose 3*f = 4*r + f + 30, 0 = -4*r + 3*f - 25. Is m(r) composite?
True
Suppose -6*i = -9*i + 3. Let g(h) = 318*h**2 - 1. Is g(i) a composite number?
False
Suppose -f + 1120 = 4*f. Is 1*(f + -1 + 0) prime?
True
Suppose 5*a + 40 = 5*t, 5*a - t = -0*t - 24. Let u be (-3)/(-12) - 7/a. Let c = u - -113. Is c a prime number?
False
Suppose 0 = f + 1 - 2. Let l(u) = 64*u**3 - 2*u**2 + u. Let o be l(f). Suppose -4*q = -s + o, s - 4*q - 64 = q. Is s prime?
True
Let s = 37 - -646. Is s a prime number?
True
Let u(f) = -32*f - 4. Let z be u(-10). Suppose 3*j + j = z. Is j a prime number?
True
Let i(z) = -z + 432. Let b be i(0). Suppose -3*v + y + 331 = 0, -3*y = 4*v - 2*y - b. Is v composite?
False
Let k = 18 + -12. Let b = k - 4. Is 15 + b*(-1 - 0) prime?
True
Is (2/4 + -1)*(1 + -3663) composite?
False
Suppose r = -0*r + 14. Is r a composite number?
True
Let k(c) = 66*c - 3. Let s be k(-3). Let o be 2/(-2) + 16 + 0. Is s*1*(-5)/o prime?
True
Is (-3734)/3*(-63)/(-84)*-2 a composite number?
False
Suppose 2*u = 13 + 7. Suppose 3*s - 9 - 39 = 0. Let b = s - u. Is b a prime number?
False
Let f = 260 - 133. Is f composite?
False
Suppose -4*h - v + 2*v - 27 = 0, v = -5. Is (182/h)/((-3)/12) a composite number?
True
Let q = 77 + -21. Suppose 68 + q = 4*i. Is i prime?
True
Is 417 - 0 - 28/7 composite?
True
Suppose 0 = -a - 3*a - 4*d + 572, 292 = 2*a + 5*d. Let f be (12/8)/((-9)/(-24)). Suppose -l + 5*l = -3*c + 499, 0 = -l - f*c + a. Is l a composite number?
True
Suppose w = -5*j - 9, 4*w - 12 + 48 = -3*j. Let s(k) = -k. Let l(x) = -9*x - 5. Let q(v) = l(v) - 2*s(v). Is q(w) composite?
True
Let c be (-1 + 1)/(1 + 0). Suppose 3*t - 102 = -3*i, 3*i + c*t = 3*t + 132. Suppose 0 = -2*k + i + 27. Is k a composite number?
True
Let v = 34 + 19. Is v a prime number?
True
Suppose -4*k + 0 = -12. Let g(p) = 5*p**3 - 2*p**2 - 3*p + 1. Is g(k) composite?
False
Is ((-502)/4)/(-3 + (-20)/(-8)) composite?
False
Let a(p) = -p**3 - 3*p**2 - 7*p - 5. Suppose 12 = -4*g, -4*f - f + 5*g - 15 = 0. Is a(f) prime?
False
Suppose 74 = 4*g - 1194. Is g a composite number?
False
Let b be 0 - (1 - 4 - -1). Suppose -9*l + 1324 = -5*l. Suppose -5*c - 3*n + 599 = -213, -b*c + l = -5*n. Is c a prime number?
True
Suppose -3*j - 2*d + 1767 = -649, 4032 = 5*j - 2*d. Suppose -j = -4*r - 250. Is r a prime number?
True
Let r be ((-4)/8*0)/(-1). Suppose d + 2*d - 489 = r. Is d a composite number?
False
Is (7185/9)/((-2)/(-6)) composite?
True
Suppose 0 = 5*h + 4*i - 871, h - 160 = -5*i + 10. Let t = h + 164. Is t composite?
True
Suppose 0 = -t - 5*k + 8, 13 = 3*t + 4*k - 0*k. Let a = t - 1. Suppose 4*f - a*d - 350 = 0, 3*f + 4*d - 194 = 41. Is f a composite number?
True
Suppose 2*v = -0*v - 4. Let b be 6822/12 - (-3)/v. Let x = -404 + b. Is x composite?
False
Suppose -9*i + 29048 = -i. Is i a composite number?
False
Suppose 4*x = 2*t - 17 - 29, -4*x = -16. Is t prime?
True
Let c(x) = x**2 - 5*x + 6. Let h be c(4). Suppose -2*t = 2*d + 6, -5*d = -h*t - 2*t + 15. Is (-1 - t)/((-1)/89) a prime number?
True
Let s = 1745 + -1098. Is s a composite number?
False
Suppose -2*m + 3 = -7. Suppose -4*c + 5*q + 59 = -20, -5*c + 100 = -m*q. Is c a composite number?
True
Suppose 2*l - 38 = 2*t, 3 = 5*l + 18. Let u = 105 + t. Is u composite?
False
Let i(b) = -b**2 - 5*b. Let h be i(-4). Suppose -5*g = -6 - h. Is (g + 0)*77/2 prime?
False
Let k = 59 + 13. Suppose -k = -7*d + 3*d - 5*l, -d - 7 = -5*l. Is d a prime number?
True
Let y = -569 + 295. Suppose 0 = -z, 2*z = -5*b - 3*z + 1985. Let t = y + b. Is t a prime number?
False
Let b(p) = p + 1. Let z be b(1). Suppose j = z*n + n + 202, -4*n - 291 = 3*j. Is (4/6)/((-2)/n) composite?
False
Suppose 0*z + 5*z - 135 = 0. Let j = 3 - 1. Is (-9)/(-6) + z/j composite?
True
Let b be (-14)/21 + (-4)/(-6). Let i = 14 - b. Is i prime?
False
Let n = 0 - -1. Is (n/2)/((-2)/(-100)) composite?
True
Suppose 0*q = -q + 2. Suppose -s - 2*n = -121, -q*s = -s - 3*n - 136. Is s a prime number?
True
Let s(r) be the first derivative of 19*r**5/10 + r**3/6 + 3*r - 1. Let g(n) be the first derivative of s(n). Is g(1) a composite number?
True
Let f = 1427 + 2814. Is f a prime number?
True
Suppose -3*y - 6 = -4*y. Is (3188/(-12))/((-2)/y) composite?
False
Suppose 0 = n - 3*n, 19066 = 2*w - 4*n. Is w prime?
True
Is 2234/(4/8 + (-9)/(-6)) composite?
False
Let g(s) = -2*s**3 - 4*s**2 - 3*s. Let c be g(-2). Suppose -4*x = 4*q, -x - 2*x = c. Suppose -102 = -q*b - 0*b. Is b prime?
False
Let w = -5 + 3. Is w/(-5) + (-324)/(-15) prime?
False
Let m(l) = 206*l. Let u be m(5). Suppose -8*o + 3*o + 5*v + u = 0, -5*v + 236 = o. Is o composite?
False
Suppose 7*x - 6*x = -y + 414, -2*x = -3*y + 1217. Is y a prime number?
True
Suppose 3*r + 5*c + 6 - 27 = 0, -2*c + 14 = 4*r. Suppose -r*i - 2*q = -94, i - 2*q = 49 + 10. Is i a prime number?
False
Suppose w + 3 = 11. Let y = w + -6. Suppose f - n - 84 = 0, n = y*f + 3*n - 148. Is f prime?
True
Let w = -8 - -11. Suppose -2*y - 51 = -w*y. Is y a composite number?
True
Let j(r) be the second derivative of r**5/20 - 2*r**4/3 + 7*r**3/6 + 3*r**2 + r. Is j(7) composite?
True
Let j(i) = 3*i**2 - 12*i + 17. Is j(8) composite?
False
Suppose 3*s = 2*w - 263, -401 = -3*w + 2*s - 4*s. Is w composite?
True
Suppose -x - 5*q = 2*x - 7752, -2*x + 2*q + 5152 = 0. Is x composite?
False
Suppose 5*l - 718 = 4*x + 334, -5*l + 1046 = -2*x. Let k = -93 + l. Is k a prime number?
False
Let c be (-33)/(-6) + 3/(-6). Let g(t) = 11*t - 4. Is g(c) a composite number?
True
Let n(x) = 3*x + 2. Let g(t) = -t**2 - 4*t + 2. Let i be g(-5). Let s be n(i). Is (s/4)/(1/(-52)) prime?
False
Let k(q) = -q**3 - 4*q**2 - 5*q - 4. Let v be k(-3). Let d(l) = l**2 + 10 - 2 - 7*l - v*l**2. Is d(-6) a prime number?
False
Let m(n) = 4*n**3 + n**2 + 2*n + 6. Is m(5) a prime number?
True
Let z(i) = i**2 - i - 3. Let m(u) = u + 4. Let w be m(5). Is z(w) a composite number?
True
Let j be (-5)/20 + 1/4. Suppose 2*v + 5*k - 303 = j, -k - 747 = -5*v - 3*k. Is v a composite number?
False
Is (300 - 2)*1/2 composite?
False
Is ((-15)/6)/((-3)/582) a prime number?
False
Let g = 1 + 1. Suppose -251 = -5*l + g*i, -4*i = -4*l + 180 + 28. Is l prime?
Fal